 - 5*t + 5. Suppose -2*b + 12 = 2*c, 0 = 5*b + 2*c + 2*c - 33. List the prime factors of p(b).
41
Let j = -18 + 52. List the prime factors of j.
2, 17
Let i(k) = k**2 + 4*k + 5. Let n be i(-5). Let x = 41 - 97. List the prime factors of (-8)/(-20) - x/n.
2, 3
Suppose 13 = -b + 5*v + 1, 0 = -4*b + v - 10. List the prime factors of (-2)/(-4) + (-25)/b.
13
Suppose -376 = -f - 3*f + 4*l, l - 98 = -f. List the prime factors of f.
2, 3
Let h(y) = -9*y - 12. List the prime factors of h(-6).
2, 3, 7
Suppose 35 - 17 = t. Suppose -p = -1 + 3. Let a = p + t. List the prime factors of a.
2
Suppose -3 = 4*d + 1. Let u = d + 2. What are the prime factors of (5 - 0) + u - -3?
3
Suppose 7*c = 4*c + 96. List the prime factors of c.
2
Let g(r) = -12*r + 2. Let b(a) = 6*a - 1. Let f(p) = 11*b(p) + 6*g(p). List the prime factors of f(-4).
5
Let i be -5*(2 + -3 + 0). Let j(o) = -o + o**3 - 3*o + 3*o**2 - 7*o**2 + 6. What are the prime factors of j(i)?
11
Let h = 28 - 5. What are the prime factors of h?
23
List the prime factors of (-4)/12*0 + 216.
2, 3
Let z be (-1*1)/(2/(-4)). Suppose z*w = -2*w. Suppose -2*u + 20 = o, -u - o + 10 = -w*o. What are the prime factors of u?
2, 5
Suppose -4*j + 35 = j. Suppose 0*a - a = -j. What are the prime factors of a?
7
Let m = -11 - -7. Let q be (5 + m)*(0 + 0). What are the prime factors of (-2)/(-6)*(33 - q)?
11
Let t = 11 - 2. Let p = 17 - t. List the prime factors of p.
2
Suppose -3*t = -t - 392. List the prime factors of t.
2, 7
Let w = -3 - -4. Let x = 16 - w. What are the prime factors of x?
3, 5
Suppose -r + 3*i = -69, -4*i = 2*r - 25 - 113. Suppose 5*c - 90 = -5*x, -2*c - 3*c = 4*x - r. List the prime factors of x.
3, 7
Let g(f) = -f**2 + 5*f. Let i be g(4). Suppose -a - i*x = -14, a - x - 4*x = -4. Suppose 5*b = 2*b + a. What are the prime factors of b?
2
Let k(n) = n**2 + n + 11. Let u(t) be the third derivative of t**5/60 - t**4/6 - 5*t**3/6 - t**2. Let f be u(5). What are the prime factors of k(f)?
11
Suppose -17 = 5*u - 57. Let r = u + 9. What are the prime factors of r?
17
Let y be 1/(((-10)/(-4))/5). Suppose -3*k - y*k = -90. Let h = k - 6. List the prime factors of h.
2, 3
Let p(q) = 0*q + 11*q**2 - q - 6 - 4*q**2. Let y(k) = k**2 - 1. Let b(o) = p(o) - 4*y(o). List the prime factors of b(2).
2
Let f be ((-2)/8*0)/(-2). List the prime factors of (-10)/(f - (4 - 2)).
5
Let k(v) = v**3 + 3*v**2 - 5*v - 2. List the prime factors of k(-4).
2
Let z = -13 + 19. Suppose s - z = -s. What are the prime factors of s?
3
Suppose 5*m - 5 = 0, -4 = -5*z - m + 2*m. Let i be 1 + z/(-1) + -2. List the prime factors of -1*(0 - i/(-1)).
2
Suppose -h + 336 = 3*h. Let j = 120 - h. List the prime factors of j.
2, 3
Suppose 3*p - 2*p + j = 1, -j = -5*p + 29. Suppose -3*z = p*c + 4, 9*c + 5*z = 4*c - 10. What are the prime factors of 1 + -5*(c - 3)?
11
List the prime factors of -1*(1 + -60 + 3).
2, 7
Suppose -63 = -7*o + 4*o. What are the prime factors of o/(-2)*(-4)/6?
7
Suppose 0 = -2*b - y - 0*y + 99, -132 = -3*b + 4*y. What are the prime factors of b?
2, 3
Suppose -q = 4 - 38. List the prime factors of q.
2, 17
Let b(i) = i**3 + 3*i**2 + 7*i - 3. Let x(p) = p**2 - p. Let w(a) = -b(a) - 2*x(a). List the prime factors of w(-4).
7
Let d(k) = k**3 + 12*k**2 - 15*k - 21. Let p be d(-13). Let t(x) be the first derivative of x**3/3 - x**2 - 4*x + 1. List the prime factors of t(p).
11
Let r(h) = -h**3 - 9*h**2 + 8*h + 12. Let j = -11 + 1. What are the prime factors of r(j)?
2
Suppose 3*p + 30 + 197 = 5*t, -3*t + 141 = -3*p. List the prime factors of t.
43
Suppose -9*x = -8*x - 117. What are the prime factors of x?
3, 13
Let i(b) = b**2 + b + 20. List the prime factors of i(0).
2, 5
Let c(a) = a**2 + 9*a - 7. Let u be c(-6). Let t = 56 + u. What are the prime factors of t?
31
Suppose 0 = -d - d + 98. Let b = d + -30. List the prime factors of b.
19
Let z(i) = -i - 6. Let r be z(-6). Let j be (r + -26)/(1 - 0). Let g = -14 - j. What are the prime factors of g?
2, 3
Suppose 4*x - 4*z = -3*z + 15, 0 = -x + 4*z. Suppose -2*p + 25 = u, -5*u - x*p = -u - 100. List the prime factors of u.
5
Let j(p) be the third derivative of -p**5/60 - 5*p**4/12 + p**3/3 + p**2. List the prime factors of j(-8).
2, 3
Let a(c) = -10*c**2 + 4*c + 3. Let y(r) = r. Let m(p) = a(p) - 5*y(p). Let s(w) be the first derivative of m(w). List the prime factors of s(-1).
19
Let c be 19/4 - 2/(-8). Suppose 0 = c*l - 2 - 3. What are the prime factors of 3 - ((-1 - 0) + l)?
3
Suppose 2*r = 6*r - 488. Suppose 0 = 3*d + 3*c - 92 - 31, 3*d - r = -2*c. List the prime factors of d.
2, 5
Let s be (-2 + (1 - 0))*-1. Let l(y) = 2*y. Let t be l(s). Suppose -k = -t*k + 3. What are the prime factors of k?
3
What are the prime factors of (5 - (-4 + -197)) + -4?
2, 101
Suppose -2*b - 5*z = -6*b - 13, 3*b - 2*z + 8 = 0. Let u(a) = 2*a**2 + a + 5 - a**3 + 0*a**3 - 3 + 2*a. What are the prime factors of u(b)?
2, 3
Let l(t) = -t**2 + t + 27. What are the prime factors of l(0)?
3
Let y(n) = 2*n - 9. Let x be y(6). Suppose -d + 12 = x*d. What are the prime factors of d?
3
Let o(p) = 0*p**2 + p**2 + 34*p**2. What are the prime factors of o(-1)?
5, 7
Let t(l) = -l**3 + 8*l**2 - 8*l - 6. What are the prime factors of t(6)?
2, 3
What are the prime factors of (-69)/(84/24*6/(-56))?
2, 23
List the prime factors of (-4)/(-6)*57/1.
2, 19
Let b(o) = -5*o**3 + 6*o**2 + 2. Let f(w) = -w**3 + w**2 + 1. Let m(y) = -b(y) + 3*f(y). List the prime factors of m(2).
5
Let w(k) be the second derivative of k**3/3 - 3*k. Let o = 5 + 0. What are the prime factors of w(o)?
2, 5
Suppose 184 + 91 = b. What are the prime factors of b?
5, 11
Suppose -25 = -4*b - 3*o - 7, -10 = -5*o. Let c(d) = b*d**3 - d - d**3 + 3 - 3*d**3. What are the prime factors of c(0)?
3
List the prime factors of 4/((-16)/(-126))*14/3.
3, 7
Suppose -4*s + 45 = s. Suppose -29 = 4*m - s. Let x = m - -15. List the prime factors of x.
2, 5
Let g = 316 + -23. List the prime factors of g.
293
Suppose -1243 = -0*w - 11*w. What are the prime factors of w?
113
Suppose -2*x = 3*c - 9 + 20, -c - 5 = 0. Suppose 30 = 3*d + x*d. What are the prime factors of d?
2, 3
Suppose -j - 47 = -z, -63 = -2*z - 3*j + 51. List the prime factors of z.
3, 17
Let s(o) = 5*o + 2. What are the prime factors of s(4)?
2, 11
Let k(a) = 9*a**2 + 2*a - 6. What are the prime factors of k(-3)?
3, 23
Let k be (6 - 29)/(2/(-2)). Let r = k + -40. Let n = 30 + r. List the prime factors of n.
13
Let b = 13 - 8. Suppose 0*j = 3*t - j - 60, 111 = b*t + 2*j. List the prime factors of t.
3, 7
Let x(z) = z**2 - 4*z - 1. Let v be x(4). List the prime factors of v/(-2 + 5/3).
3
Let b be 0 + -1 + (5 - 2). Suppose 2*y - b*k - 22 = 0, -36 = -3*y + 5*k - k. Suppose -i - 6 = -n, 2*n - 8 = 3*i + y. What are the prime factors of n?
2
Suppose -4*q - 4 = -0. Let s be -2 + (q - 0)/1. What are the prime factors of (-2)/s*(-54)/(-12)?
3
Suppose -17*d = -d - 3840. List the prime factors of d.
2, 3, 5
Suppose -x = 4*h + 14, 0*h = -3*x + 5*h + 26. Suppose x*d - 10 = 0, -3*v - v = -2*d + 22. List the prime factors of (14/v)/((-2)/6).
2, 7
Suppose -1 = -4*y + o, -5*o = 6 - 1. Let x(k) = -k**2 - k + 8. Let w be x(y). Suppose 4*l + 12 = w*l. List the prime factors of l.
3
Suppose 0 = -5*p + t + 82, -t = 4*p - 5*p + 18. What are the prime factors of p?
2
Suppose 1 - 4 = -3*r. List the prime factors of 3 + r + -7 - -15.
2, 3
Let z(m) = m**3 - 6*m**2 + m - 5. Let q be z(6). Suppose 0 - q = d. List the prime factors of 2*((-9)/(-3) - d).
2
Let c(p) = 4*p**2 + p**3 + 2*p - 4*p**3 + 4*p**3 + 3. List the prime factors of c(-2).
7
Let m = -53 - -127. List the prime factors of m.
2, 37
Let x be (8/(-12))/((-2)/27). Let o = 11 - x. What are the prime factors of ((-1)/o)/((-1)/16)?
2
Let n = 49 - 9. Suppose 0 = 4*h - 52 - n. What are the prime factors of h?
23
Let w(m) = 16*m - 22. List the prime factors of w(8).
2, 53
Let j = 0 + -1. Let k be 4/(j + 2) - 1. Suppose -2*u = -7*u + k*x + 29, 2*x = -3*u + 25. What are the prime factors of u?
7
Let u = 17 - 13. Suppose 74 + 35 = 3*y + u*i, -74 = -2*y - 2*i. What are the prime factors of y?
3, 13
Let x = 11 - -9. List the prime factors of x.
2, 5
Let w(f) = -f**2 + 8*f - 5. Let l be w(7). Suppose 0 = -l*a + 13 - 41. Let d = -7 - a. What are the prime factors of d?
7
Suppose -